. List the prime factors of r.
2, 6733
Suppose 31*h = 36*h - 2*n - 1270, 1028 = 4*h - 4*n. Let t = 539 - h. List the prime factors of t.
7, 41
What are the prime factors of -1 + 21/7 - (-7711 - 12)?
3, 5, 103
Let p be ((-10)/(-4))/(3 + 436/(-144)). Let o be (398/(-4))/(10/(-20)). Let z = p + o. List the prime factors of z.
109
Suppose 165*d = 162*d + 20427. List the prime factors of d.
11, 619
Suppose 0*r - 3*r = r. Let p be r + 10/5 - -3. Suppose p*b - 3*n - 475 = 0, -n = 4*n + 25. List the prime factors of b.
2, 23
Let y(s) = -s**3 + 11*s**2 + 16*s + 1. Let o = 22 + -11. Let q be y(o). Suppose 5*n - q = -2*g, -2*n = 3*g - 230 - 63. What are the prime factors of g?
101
Let p(r) = r**3 - 30*r**2 + 78*r - 207. List the prime factors of p(35).
2, 23, 47
Suppose -13133 = -v + 3*h + 6348, 0 = -v + 5*h + 19475. What are the prime factors of v?
2, 5, 1949
Suppose -11 = -25*o + 36*o. Let w(b) = -440*b**3 + 3*b**2 + b - 1. List the prime factors of w(o).
3, 7
Suppose 5*d - 3*x = 31 + 3, -3*d + 3 = 4*x. Suppose -d*t = 3*q - 1063, q - 2*q - 3*t + 353 = 0. What are the prime factors of q?
2, 89
List the prime factors of 2/(13 + 786114/(-60471)).
2, 6719
Let h be ((-284)/(-20))/((-3)/(-15)). Let l = h + -28. Let d = l - 35. List the prime factors of d.
2
Suppose 3770 - 4630 - 6702 = -a. List the prime factors of a.
2, 19, 199
Let v(i) be the second derivative of i**4/6 - 7*i**3/3 + 129*i**2/2 + 146*i. List the prime factors of v(23).
5, 173
Let d(s) = s**3 + 2*s**2 + 19*s - 14. Let k be d(6). Let r = -228 + k. What are the prime factors of r?
2, 5
Suppose n - a + 62 = -13, 0 = -a - 2. Let k = 85 + n. Let d(c) = 11*c + 75. List the prime factors of d(k).
163
Let u be (-14)/8 + (-3)/(-4). Let g be (28 - -1) + 0 + 0 + u. Suppose -2*v = -5*x - 34, -g = -3*v - 5*x + 73. What are the prime factors of v?
3
Let p = -120638 + 171023. List the prime factors of p.
3, 5, 3359
Let r = -28 - -28. Let j(a) = -37 + 2*a + a**3 + 39 - 31*a**3 + r*a**3. List the prime factors of j(-1).
2, 3, 5
Suppose s + 16 = 3*u, -4*u - 3*s = 2*s + 4. Suppose 0 = u*j - 16*j + 192. Suppose -j = -m - m. What are the prime factors of m?
2
Let o = -32 + 34. Suppose 0*b = o*b. List the prime factors of 177/(-6)*-2 - b/3.
59
Let d = -26308 + 37328. What are the prime factors of d?
2, 5, 19, 29
Let o(t) be the first derivative of -t**4/4 + 3*t**3 + t**2 - 3*t - 5. Let q be o(9). Suppose 4*n + q - 59 = 0. What are the prime factors of n?
11
List the prime factors of (15090/4)/(310/248).
2, 3, 503
Let s = -3533 + 7481. List the prime factors of s.
2, 3, 7, 47
Suppose 2202290 = -2*k + 192*k. What are the prime factors of k?
67, 173
Suppose 79*j - 2144433 = -679299. What are the prime factors of j?
2, 3, 11, 281
List the prime factors of 2*2519 - (-13 + (10 - 3)).
2, 13, 97
Suppose 11*c + 6284 = 15*c. Let g = -1006 + c. List the prime factors of g.
5, 113
Suppose -h - 4*d + 12 = 0, 11*h - 8*h + 12 = 4*d. Suppose 3*p - 2*a - 24 - 120 = h, 4*p - a = 197. List the prime factors of p.
2, 5
Suppose 78*r - 1757032 = 282122. List the prime factors of r.
13, 2011
Let a(u) = 1816*u + 950. List the prime factors of a(26).
2, 24083
Let v(u) = -4*u**3 + 11*u**2 - u - 22. Let m be v(8). What are the prime factors of m*((-16)/12 + 1)?
2, 229
Suppose -5680 = -y + 4*c, 0 = 94*y - 92*y + 5*c - 11347. List the prime factors of y.
2, 3, 11, 43
Let a(h) be the third derivative of h**4/12 - h**3/6 + 14*h**2. Let b be a(6). Suppose 0 = -3*d + 17 - b. List the prime factors of d.
2
Suppose 3*c + 6 = 0, -2*a + 0*a + 608 = -4*c. Let z = a - 204. List the prime factors of z.
2, 3
Let t = 11847 + -2793. List the prime factors of t.
2, 3, 503
Suppose -34*z - 361103 = -1120017. What are the prime factors of z?
13, 17, 101
Suppose 2*s + 3*j - 499 = 0, 6*s - 751 = 3*s - 2*j. What are the prime factors of s?
251
Suppose 352 = -3*i - t, 3*t = 5*t + 2. Let q be (i/15 - -5)/(2/(-5)). Suppose 6*z + 3*o = q*z - 124, -2*z - 2*o + 232 = 0. What are the prime factors of z?
2, 59
Let h be 4/6 + 76/12. What are the prime factors of (88/10)/(h*(-2)/(-175))?
2, 5, 11
Suppose -4*j - 187*x + 182*x + 185385 = 0, x - 139036 = -3*j. What are the prime factors of j?
5, 13, 23, 31
Let r be (-77)/14 - -5 - (-22)/(-4). Let p be (r/(-3))/((-1)/(-2)). What are the prime factors of 6*(12/6)/(p/3)?
3
Suppose 0 = -4*f + 6*f - 110. Let w = 55 - f. Suppose 5*j - 89 = -q, j + w*j = 3. List the prime factors of q.
2, 37
Let k(s) = 8*s + 5. Let v be k(-1). Let m(x) = 3*x + 6. Let n be m(v). List the prime factors of (231/(-9) - n)/((-6)/36).
2, 17
Suppose 12*c + 10*c - 238602 = -4*c. List the prime factors of c.
3, 7, 19, 23
List the prime factors of ((-3)/(-2))/((-132)/176)*-12027.
2, 3, 19, 211
Let y be (897/(-92))/(0 + (-2)/24). Let j = y + 33. List the prime factors of j.
2, 3, 5
Let h be (0/(-3))/(-3) - -3. Suppose 0 = -h*v + s + 1144, 4*s + 384 = 3*v - 772. List the prime factors of v.
2, 5, 19
Let q(p) = -p**2 + 130*p + 804. List the prime factors of q(112).
2, 3, 5, 47
Suppose 2*i - 34 = 2*v, 0*i + 11 = i - 3*v. Suppose 0 = 4*y - i*y + 960. Let u = y + 8. List the prime factors of u.
2, 17
Let i = 7322 + 3976. What are the prime factors of i?
2, 3, 7, 269
Let g(l) = 174*l - 16046. What are the prime factors of g(215)?
2, 7, 109
Suppose 12 = 10*v - 7*v. Suppose 7 = 3*j - 5, v*t + 5*j = 6252. What are the prime factors of t?
2, 19, 41
Let z(u) = 10*u**3 - 2*u**2 + 20*u. Let v be z(9). What are the prime factors of ((-34)/(-4) - 1)*v/189?
2, 5, 29
Suppose -o + 4*y - 2 = 0, 4*o = -5*y - 19 + 53. Let w(x) = x**3 + 5*x**2 - 5*x - 13. What are the prime factors of w(o)?
353
Let l(o) = -2*o + 1. Let b(w) = w**2 - 14*w - 4. Let m(f) = b(f) - 2*l(f). What are the prime factors of m(22)?
2, 3, 43
List the prime factors of 4/(-12*(-11)/840576).
2, 199
Let u = 394 - 382. What are the prime factors of (-3690)/u*24/(-9)?
2, 5, 41
Let u(z) = 42*z + 67. Let f(d) = -d. Let c(o) = -4*f(o) + u(o). What are the prime factors of c(6)?
7
What are the prime factors of 10262/105*-3*(-1200)/((-80)/(-10))?
2, 3, 5, 733
Let p = 5 - 23. List the prime factors of 7*p/(-21) - -193.
199
Suppose -4*q - 389 = 635. Let m(r) = 79*r - 116. Let g be m(6). Let c = q + g. List the prime factors of c.
2, 3, 17
Let p(g) = 3*g + 25*g**3 - 2*g + 2*g**2 - 2*g**2 + 1. Let c be p(-1). Let j = c - -81. List the prime factors of j.
2, 7
Let s(h) be the second derivative of -h**5/4 + h**4/4 - h**3/6 - 17*h**2/2 - h - 5. What are the prime factors of s(-4)?
5, 71
Suppose 4*b - 5*j - 189 = 0, 8*j - 9*j = 1. Suppose -3*n = -b - 86. What are the prime factors of n?
2, 11
Let x = 41314 + -15865. List the prime factors of x.
3, 17, 499
Let a(b) = -79*b**2 - 2*b - 6. Let l be a(-2). Let u = l + 505. Suppose 3*q - 172 + 32 = m, 4*q - u = m. List the prime factors of q.
47
Suppose 2*g = 21 - 1. Let z(f) = -15*f**2 - 11*f + 8. Let v(c) = 7*c**2 + 5*c - 4. Let k(u) = 13*v(u) + 6*z(u). List the prime factors of k(g).
2, 43
Let c = -1766 - -2679. What are the prime factors of c?
11, 83
Let r = -36 - -34. Let o be -4 + (-36)/(-8) + 1/r. Suppose -344 + 130 = -2*w + 2*s, 5*w + 5*s - 535 = o. What are the prime factors of w?
107
Let p = -841 - -1978. Suppose -u = 4*g - 324, -445 - p = -5*u - g. Suppose -237 = -3*z - 2*s, -3*z + 7*z = s + u. List the prime factors of z.
79
Suppose 7*s - 90 + 13 = 0. Suppose s*o - 400 = 656. What are the prime factors of o?
2, 3
Let d(o) = -o**3 - 5*o**2 + 11*o + 35. Let k be d(-6). Suppose 0 = -f - 3*u + 1215, k*u - 4354 = -5*f + 1741. List the prime factors of f.
3, 11, 37
Let b be 0/(1/(-5)*-5) + 815. Let u = b + -499. What are the prime factors of u?
2, 79
What are the prime factors of (3 + 0 - -37826) + 35 + -28?
2, 3, 1051
Let w = 209 + -209. Suppose -21*y + 24*y - 609 = w. What are the prime factors of y?
7, 29
What are the prime factors of (10836/(-10))/((-837)/1860*(-3)/(-9))?
2, 3, 7, 43
Let d = 372 - 234. Suppose 3*r - p = 619, -r - 4*p + 90 = -d. List the prime factors of r.
2, 13
Suppose 7*d - 11*d + 4436 = -5*t, 5*t = 5*d - 4440. Let h = -475 - t. What are the prime factors of h?
409
Suppose 0 = 5*r + 5*y - 30, -4*r - y = y - 18. Let a be -1 - (-3 - (1 - r)). Suppose -7*n = -3*n - 2*v - 208, n + 3*v - 59 = a. What are the prime factors of n?
53
Let i(o) = 8*o - 16. Let